e y(2).
-56
Let m(u) = -3*u**2 + 151*u + 3353. What is m(67)?
3
Let z(r) = 34*r - 139. Give z(-8).
-411
Let a(m) = -3*m**2 - 36*m - 56. Calculate a(-4).
40
Let s(r) = -r**2 - 12*r - 70. Calculate s(-12).
-70
Let d(c) = -59*c - 689. Calculate d(-13).
78
Let w(q) = 11*q**3 + 9*q**2 - 55*q - 118. Determine w(-2).
-60
Let o(r) = -r**2 + 11*r + 439. What is o(36)?
-461
Let z(b) = -b**3 - 85*b**2 + 545*b + 9. Determine z(6).
3
Let j(u) = 5*u**3 - 7*u**2 + 9*u - 14. Give j(2).
16
Let m(o) = -85*o + 1047. What is m(8)?
367
Let s(o) = -o**3 - 98*o**2 - 637*o + 42. Determine s(-7).
42
Let v(u) = 59*u + 7839. Calculate v(-133).
-8
Let b(n) = -n**3 + 24*n**2 - 12*n - 112. Determine b(23).
141
Let h(a) = -5*a**2 - 144*a - 225. Determine h(-27).
18
Let i(d) = d**2 - 250*d - 500. Calculate i(-2).
4
Let r(y) = 17*y**2 - 234*y + 164. Give r(13).
-5
Let r(t) = 5*t**3 + 3*t**2 - 20*t - 41. What is r(-2)?
-29
Let r(g) = -6*g + 2. Determine r(-15).
92
Let n(o) = -2*o**3 - 109*o**2 + 98*o + 2308. Give n(-55).
-57
Let h(c) = -c**3 + 5*c**2 + c - 10. Give h(4).
10
Let b(c) = -4*c**2 - 1290*c - 8211. Calculate b(-316).
5
Let h(x) = 112*x + 2348. Give h(-21).
-4
Let u(m) = 3*m**2 - 54*m + 22. Determine u(19).
79
Let u(m) = -137*m + 2468. What is u(18)?
2
Let c(t) = -5469*t + 54682. Give c(10).
-8
Let i(g) = -404*g - 30294. Give i(-75).
6
Let h(v) = 197*v + 1401. Determine h(-7).
22
Let p(k) = -k**3 - 14*k**2 - 16*k - 63. What is p(-13)?
-24
Let k(d) = -4*d**2 + d + 42. Give k(-6).
-108
Let h(a) = a**3 + 3*a + 20. Calculate h(0).
20
Let r(v) = 662*v + 7951. What is r(-12)?
7
Let h(u) = 3*u**2 + 14*u - 47. Calculate h(5).
98
Let q(x) = 253*x - 12646. Determine q(50).
4
Let w(s) = s**2 - 29*s + 262. Determine w(18).
64
Let u(n) = 8*n**2 - n + 8. Calculate u(-2).
42
Let k(w) = -4*w**3 + 240*w**2 + 5*w - 313. Give k(60).
-13
Let s(z) = 4*z**3 + 5*z**2 - 18. Calculate s(-2).
-30
Let o(v) = -52*v - 592. What is o(-18)?
344
Let q(u) = 76*u**2 - 1672*u - 6. Determine q(22).
-6
Let u(o) = -o**2 - 83*o - 1479. What is u(-26)?
3
Let i(k) = 4*k**2 + 278*k - 870. Determine i(3).
0
Let s(n) = -n**2 + 7*n + 112. What is s(15)?
-8
Let d(q) = 1078*q + 4316. What is d(-4)?
4
Let c(u) = -u**3 + 5*u - 8. Give c(5).
-108
Let i(l) = -4*l**3 - 10*l**2 + 16*l + 7. Determine i(2).
-33
Let q(v) = -v**2 - 40*v - 216. Determine q(-6).
-12
Let j(v) = -23*v + 180. Determine j(8).
-4
Let y(l) = -l**2 - 56*l + 176. Determine y(-59).
-1
Let j(q) = 2*q**2 + 109*q - 18. What is j(-55)?
37
Let r(u) = 494*u - 40. Determine r(1).
454
Let v(u) = -u**2 - 763*u - 15596. Give v(-21).
-14
Let q(t) = -2*t**2 - 203*t - 1768. Calculate q(-92).
-20
Let g(t) = t**3 + 15*t**2 + 56*t + 17. Calculate g(-6).
5
Let v(m) = 957*m + 28710. Determine v(-30).
0
Let y(o) = 51*o**3 + 49*o**2 - 25*o - 25. What is y(-1)?
-2
Let h(o) = o**2 + 8*o - 5. Give h(8).
123
Let j(r) = -55*r + 758. Give j(14).
-12
Let j(c) = -2*c**3 - 11*c + 8. Give j(1).
-5
Let p(c) = -369*c - 3370. Determine p(-9).
-49
Let r(c) = 19*c**2 - 252*c - 264. Calculate r(-1).
7
Let r(v) = -234*v - 29. What is r(2)?
-497
Let m(l) = -999*l + 3984. Give m(4).
-12
Let y(q) = -3*q**3 + 41*q**2 + 90*q. Calculate y(-2).
8
Let w(l) = l**2 - 19*l - 1788. Determine w(-34).
14
Let b(i) = i**3 - 6*i**2 - 7*i + 19. Give b(4).
-41
Let a(w) = -w**3 - 11*w**2 + 15*w + 235. What is a(-9)?
-62
Let s(j) = -231*j - 2488. What is s(-11)?
53
Let b(d) = -d**3 + 19*d - 6. Calculate b(-5).
24
Let n(t) = t**3 + 7*t**2 + 22*t - 4. Determine n(-3).
-34
Let l(m) = 2*m**3 - 15*m**2 - 378*m - 63. Calculate l(18).
-63
Let k(j) = -238*j + 5239. What is k(22)?
3
Let s(k) = -8*k**2 - 72*k - 70. Give s(-8).
-6
Let x(w) = -955*w + 843. Calculate x(2).
-1067
Let k(h) = 3*h**3 - 143*h**2 - 51*h - 65. Give k(48).
-209
Let g(i) = -124*i - 2346. Calculate g(-19).
10
Let w(t) = -2*t**3 - 336*t**2 + 365*t + 4577. Calculate w(-169).
14
Let x(f) = 12*f**2 + 265*f - 88. Determine x(-22).
-110
Let w(p) = -242*p + 1489. Calculate w(6).
37
Let w(p) = -2*p**3 + 47*p**2 + 854*p + 1. Give w(-12).
-23
Let p(c) = 98*c + 686. Determine p(-9).
-196
Let b(t) = -3*t**2 - 53*t + 438. Give b(-24).
-18
Let j(f) = 77*f**2 - 8*f - 14. What is j(-2)?
310
Let p(n) = -4*n**2 - 176*n + 245. Give p(-48).
-523
Let l(v) = v**3 + 18*v**2 - 43*v - 34. Give l(-20).
26
Let u(s) = -3120*s - 3118. Calculate u(-1).
2
Let w(m) = m**3 + 13*m**2 + 328*m + 4269. What is w(-13)?
5
Let o(i) = 2*i**3 + 30*i**2 - 22*i - 33. Calculate o(-15).
297
Let m(y) = -y**2 + 34*y - 73. Give m(0).
-73
Let h(t) = -678*t + 1360. What is h(2)?
4
Let a(g) = g**2 + 92*g - 405. Determine a(5).
80
Let m(b) = b**2 + 39*b + 44. Give m(-34).
-126
Let a(s) = -17*s + 233. Calculate a(7).
114
Let c(y) = 4*y**3 + 307*y**2 - 79*y - 74. Calculate c(-77).
80
Let q(o) = o**3 + 32*o**2 + 103*o + 184. Calculate q(-28).
436
Let c(b) = 2*b**3 + 5*b**2 - 3*b + 8. Calculate c(-5).
-102
Let f(v) = -3*v**2 + 298*v + 309. Determine f(100).
109
Let f(m) = 2*m**2 - 171*m + 1277. Calculate f(8).
37
Let z(q) = 39*q**2 + 8*q - 70. Determine z(0).
-70
Let y(m) = 34*m + 11. Determine y(12).
419
Let f(h) = 25*h**3 - 155*h**2 + 41*h. Determine f(6).
66
Let n(o) = -62*o + 432. Give n(8).
-64
Let b(o) = o**3 - 5*o**2 + 136*o - 658. Calculate b(5).
22
Let v(q) = 3*q**3 - 57*q**2 - 196*q - 41. Determine v(22).
3
Let p(w) = -192*w + 1109. Determine p(6).
-43
Let i(q) = 17*q**2 - 352*q - 97. Give i(21).
8
Let s(d) = -6*d**2 - 741*d - 2178. Calculate s(-3).
-9
Let z(d) = d**3 + 55*d**2 - 116*d + 123. Determine z(-57).
237
Let g(x) = 2*x**2 + 12*x - 19. Determine g(-5).
-29
Let r(k) = k**3 - 13*k**2 - 19*k + 242. What is r(13)?
-5
Let d(y) = 17*y - 479. Determine d(28).
-3
Let a(q) = -4*q**3 - 39*q**2 - 11*q + 19. What is a(-10)?
229
Let b(m) = -4*m**2 + 35*m - 25. Calculate b(9).
-34
Let s(i) = -154*i - 63763. What is s(-414)?
-7
Let b(t) = 4*t**2 - 108*t - 37. Calculate b(26).
-141
Let k(z) = 4*z + 106. Calculate k(-6).
82
Let m(z) = -7*z**2 - 61*z - 45. What is m(-7)?
39
Let v(q) = -q**3 - 50*q**2 - 46*q + 234. Determine v(-49).
87
Let z(b) = -13*b - 550. Give z(-42).
-4
Let c(x) = -x**2 - 104*x + 324. What is c(-107)?
3
Let h(r) = 51*r + 567. What is h(-11)?
6
Let x(p) = -547*p + 8262. What is x(15)?
57
Let y(x) = -x**2 + 94*x + 922. Calculate y(-9).
-5
Let m(i) = 203*i + 43234. What is m(-213)?
-5
Let s(r) = 17*r**2 + 26*r + 72. Determine s(-3).
147
Let o(g) = 25*g + 698. Calculate o(-28).
-2
Let f(g) = -1522*g - 9132. Give f(-6).
0
Let a(o) = -o**3 + 14*o**2 + 88*o - 1109. What is a(16)?
-213
Let z(b) = -b**3 - 3*b**2 - 79*b - 240. Calculate z(-3).
-3
Let i(p) = 413*p + 828. Determine i(-2).
2
Let y(h) = -11*h**2 + 4*h - 10. Give y(3).
-97
Let s(v) = 3*v**3 - 2*v**2 - 21*v - 2. Calculate s(3).
-2
Let k(f) = -26*f**2 - 38*f - 40. Calculate k(-1).
-28
Let w(x) = x**3 - 19*x**2 - 461*x - 38. Determine w(33).
-5
Let j(u) = -50*u - 3282. Give j(-53).
-632
Let z(w) = -w**3 + 30*w**2 - 56*w + 55. Give z(28).
55
Let l(k) = -43*k**3 + 3*k**2 - 1. Calculate l(1).
-41
Let g(k) = 244*k + 4. Determine g(0).
4
Let p(j) = -689*j + 8945. Determine p(13).
-12
Let n(l) = 87*l**2 + 2614*l + 100. Calculate n(-30).
-20
Let t(j) = -2*j**3 + 3*j**2 - j - 9. Give t(-3).
75
Let n(y) = -y**2 - 137*y + 4816. Determine n(29).
2
Let c(q) = -27*q**2 + 159*q - 207. Determine c(3).
27
Let d(o) = -6441*o - 25774. Calculate d(-4).
-10
Let g(t) = -90*t - 3515. What is g(-39)?
-5
Let q(o) = -2*o**3 - 19*o**2 - 51*o - 80. Give q(-11).
844
Let n(t) = t**2 - 10*t - 27. Give n(12).
-3
Let n(v) = v**3 + 15*v**2 + 16*v + 21. What is n(-14)?
-7
Let t(k) = -80*k**2 - 374*k + 19. What is t(-5)?
-111
Let o(j) = -j**2 + 14*j + 144. Determine o(-7).
-3
Let t(h) = 3*h**2 - 12*h - 27. Determine t(5).
-12
Let f(d) = -18*d + 58. Give f(13).
-176
Let z(b) = 175*b + 7003. What is z(-40)?
3
Let d(w) = -w**3 + 22*w**2 - 114*w - 16. Calculate d(13).
23
Let d(x) = -x**3 - 20*x**2 - 28*x - 4. What is d(-6)?
-340
Let f(j) = -314*j - 8798. Calculate f(-28).
-6
Let s(h) = -2*h**3 - 124*h**2 - 1584*h + 1. Calculate s(-18).
1
Let n(s) = 9*s**3 - 10*s**2 - 15*s - 4. What is n(2)?
-2
Let t(o) = -o**2 + 216*o - 1475. Determine t(7).
-12
Let m(p) = -21*p**2 - 750*p + 222. Calculate m(-36).
6
Let q(w) = 3*w**2 - 1081*w - 4. Give q(0).
-4
Let w(c) = -c**3 - 4